 + 1. Let g(h) = 2*h**2 - 9*h. Let k(d) = 3*f(d) - 4*g(d). Let z be ((-2)/3)/((-45)/(-135)). Determine k(z).
-5
Let x(q) be the first derivative of -5*q - 5/2*q**2 - 1/3*q**3 - 2. Let f = -36 - -32. Calculate x(f).
-1
Let r(i) = -8*i + 14. Let j be r(-5). Let q = -52 + j. Let w(z) = -z**2 + 2*z - 1. Calculate w(q).
-1
Let g be 5 + (-215)/25 + 10/(-25). Let s(h) = -2*h**3 - 9*h**2 - 4*h - 2. Calculate s(g).
-2
Let c(h) = h**3 + 7*h**2 - 10*h - 11. Let q be c(-8). Let z(r) be the third derivative of -r**4/24 + r**3/6 - 627*r**2. What is z(q)?
-4
Suppose 31*t - 30*t = 5*r - 8, 29 = -2*t - 3*r. Let v(y) = y + 8. Give v(t).
-5
Let d(g) = 41*g**3 + 4*g**2 - 39*g**3 - 12*g**2 - g + 9. Calculate d(4).
5
Let p(m) be the third derivative of -7/6*m**3 + 0 + 1/24*m**4 + 17*m**2 - 2*m. What is p(5)?
-2
Let k(u) = 5*u**2 - 5*u + 10. Let p(n) = -14*n**2 + 16*n - 29. Let q(g) = -11*k(g) - 4*p(g). What is q(7)?
-8
Let k be (438/(-7) - 18/42)*1. Let h = -70 - k. Let l(u) = u**3 + 6*u**2 - 7*u + 5. Determine l(h).
5
Suppose -8 = 2*g - 4*k, 52*g - k - 25 = 56*g. Let i(m) = 6*m + 18. What is i(g)?
-18
Let s(m) = -m**3 - 19*m**2 - 25*m + 172. Let t be s(-17). Let x(q) = -q + 17. What is x(t)?
-2
Let f be (0/(-27))/(-2 + 1). Let b(z) = -2*z + 12. Determine b(f).
12
Suppose 9*s = 10*s. Suppose z - 2*z + 33 = s. Let v be (-22)/z + (-2)/6. Let j(o) = o**3 + 2*o**2. Determine j(v).
1
Let c be (-40)/32 - (-1)/4. Let b(s) = 7*s**3 - s**2. What is b(c)?
-8
Suppose 0 = -5*r + 2*c - 6, 3*r = r - 2*c - 8. Let f(t) = -t - 6*t**3 + 4*t + 1 + 5*t**2 + 7*t**3. What is f(r)?
7
Let a(v) = -v**2 - 8*v - 8. Let w = 56 + -62. What is a(w)?
4
Let b(o) = -o**3 + 4*o**2 + 3*o - 1. Let z = -27 + 63. Suppose 3*d - z = -d. Let i = d - 5. Give b(i).
11
Let o(s) = -s - 15*s**3 - 17 - 23 + 41. Give o(1).
-15
Let o(t) = t**3 - t - 2. Let g(w) = w**3 + 2*w**2 + 5*w + 1. Let b(k) = -g(k) + 2*o(k). What is b(5)?
35
Let u(p) be the second derivative of -p**3/6 - p**2/2 + 4*p. Let o be u(-3). Let q(t) = -3*t**o + 8*t + 4*t**2 - 15*t + 2 + 6*t. What is q(2)?
4
Suppose 0 = -d - d + 8. Let p(s) = -5 - s**3 - 15*s + 27*s - d*s**2 - 13*s. Calculate p(-4).
-1
Let y(q) = -6*q**3 - 2*q**2 + q. Let c = -107 - -39. Let j = 69 + c. What is y(j)?
-7
Let v be 4 + (-305)/45 - (-2)/(-9). Let j be (-5)/2 - ((-3)/(-2))/v. Let r(o) = o**3 - o**2 + o + 2. Determine r(j).
-12
Let v(f) = 2*f**2 - 303*f + f**2 - 3 - 7*f**2 + 300*f. Calculate v(-3).
-30
Suppose 2*i - 9 = -3. Let b = 9 - i. Let f(h) = -6*h + 247*h**2 + h**3 + 14*h - 254*h**2 - 6. Determine f(b).
6
Let h(z) be the third derivative of -z**5/60 + z**4/24 + z**3/2 - 77*z**2. Determine h(0).
3
Let g = 6 + -8. Let q(p) = 5*p - 2. Let k(d) = -26*d + 10. Let z(u) = g*k(u) - 11*q(u). Let o(v) = -v**2 + 12*v + 16. Let y be o(13). Determine z(y).
-7
Let v(f) = f**3 + 8*f**2 - 7*f + 13. Suppose -6*w + 15*w = 0. Suppose -3*r + w*r = 12, 48 = -4*a - 3*r. Calculate v(a).
-5
Let l(t) = 2*t**2 + 1. Let o = -13 + 12. Let n be l(o). Let m(z) = n + 0 - 5 + 4 + z. Calculate m(-4).
-2
Let k(d) = 9*d**2 + 6*d - 4. Let y be k(-3). Let x = y - 54. Let a(w) = -w**3 + 6*w**2 - 6*w + 4. Calculate a(x).
-1
Suppose -4*x + b = -2*x - 15, x - 2*b = 6. Let a(j) be the second derivative of j**3/6 - 5*j**2 + 3*j. Determine a(x).
-2
Let r(a) = -47*a - 16. Let d(g) = -40*g - 15. Let z(k) = -7*d(k) + 6*r(k). What is z(12)?
-15
Suppose -5*u + 8 = -7. Let d(h) = -2*h**2 + 4*h + 1. Let j be d(u). Let w(m) = -m**3 - 5*m**2 - 5*m - 5. Give w(j).
20
Let g(p) be the second derivative of p**3/6 + 2*p**2 - 256*p + 1. Let q be (-2)/(1 + (-9)/15). Determine g(q).
-1
Suppose -w + 24 = -31. Let f be (-427)/5 - (-22)/w. Let c be 4/10 - (-34)/f. Let m(i) = -i**2 + i - 9. Give m(c).
-9
Let x(z) = -z + 4. Suppose 4*a - 16 = 4*o, 2*o + a = -o + 8. Let r be 1/o - 1*-4. What is x(r)?
-1
Let o(g) = 11*g + 2. Let f(k) = 9*k + 1. Let x(l) = -3*f(l) + 2*o(l). Let y(r) = -r**2 + r + 1. Let a be y(1). Calculate x(a).
-4
Let q(z) be the first derivative of -z**3/3 + z**2/2 + 12*z - 44. What is q(0)?
12
Let b(r) be the third derivative of -r**6/120 - r**5/30 - r**4/12 + 87*r**2. Let d be 40/(-30)*3/2. Calculate b(d).
4
Let b(k) = -k**2 + k - 11. Let r(u) = -781*u - 13 - 8 + 782*u - 2*u**2. Let w(m) = -11*b(m) + 6*r(m). Give w(-5).
-5
Suppose 16*z - 15*z + 4*y + 6 = 0, 4*y - 18 = -5*z. Let v(c) = -c**3 + 5*c**2 + 4*c - 1. What is v(z)?
-13
Let c(f) = f**3 + 7*f**2 + 12*f + 9. Let h be c(-5). Let v(n) = -3*n**2 + n. Give v(h).
-4
Let j(u) = 5*u + 10. Let w be -5 + (-26)/(-6) - 52/12. Give j(w).
-15
Let y(h) = h - 6. Let i = -27 + 27. Let a be -1*i*(-3)/3. Calculate y(a).
-6
Let j(q) = 6*q - 57. Let s be j(10). Let x(n) be the third derivative of -4*n**2 + 0*n + 1/3*n**s + 0 + 1/6*n**4. Calculate x(2).
10
Let q(i) be the second derivative of i**4/12 - 5*i**3/6 + 9*i**2/2 + 2*i - 211. Let b(y) = -y**3 + 3*y**2 + 2*y. Let r be b(3). What is q(r)?
15
Let k(x) = -10*x + 7. Let f be (-4)/(36/(6 - 15)). What is k(f)?
-3
Let d = -28 + 29. Let a(b) = 1 - b**2 - d - 6 - 6*b - 2*b. What is a(-6)?
6
Let k(s) = -s**2 - 3*s - 1. Suppose 3 = v, 61 = 2*o + 4*v + 19. Suppose -o + 0 = 5*q. Let t(i) = 2*i**2 + 5*i + 1. Let a(f) = q*t(f) - 7*k(f). What is a(-4)?
-4
Let o(u) = -3*u**3 - 5*u**2 - 5*u + 17. Let k(h) = 2*h**3 + 5*h**2 + 5*h - 15. Let m(i) = 4*k(i) + 3*o(i). Calculate m(6).
-15
Let s(l) = -7*l + l**2 - 10*l + 7 + 9*l. Let u = 5 - -2. Determine s(u).
0
Let n(c) = 2 + c**3 - 3*c**2 + 34*c - 34*c. Let g = -16 + 20. Suppose -g*d = -0*d - 8. Determine n(d).
-2
Let n(p) = 3*p**2 - 2*p + 2. Let i be n(2). Let d(t) be the third derivative of t**6/120 - 11*t**5/60 + 11*t**4/24 - t**3 - 171*t**2. Calculate d(i).
4
Let l(x) be the first derivative of 2*x**3 + 1/4*x**4 - x**2 + 20 - 5*x. What is l(-6)?
7
Let a(i) = -17*i - 38. Let h be a(-8). Suppose 0 = 5*k + 68 - h. Let o(z) be the second derivative of z**4/12 - z**3 + z. What is o(k)?
0
Let i be (-15)/(-8) - (-2)/16. Suppose -2*m = i*w, 0 = 5*m + w + w - 6. Let z(l) = 2*l**2 + 2*l - 3. Determine z(m).
9
Let n(j) = j**3 + 7*j**2 - 6*j + 9. Suppose 2*l + 1 + 7 = 0, 2*v + 3*l = 36. Let a be 9/v - (-4 - (-594)/48). What is n(a)?
-7
Let f(x) = -12 - 9 - 3*x + 7 + 2*x. Determine f(-12).
-2
Suppose -6 = -0*b + 3*b, -154 = -5*s + 2*b. Let z(q) = -64*q - 15 + q**2 + s*q + 34*q. Calculate z(0).
-15
Let s = -395 + 383. Let k(m) = -m - 17. Give k(s).
-5
Let m(v) = 3*v. Let d(h) = 5*h + 27. Let f(o) = -o - 7. Let p(c) = -2*d(c) - 9*f(c). Suppose -46 = -5*a - 11. Let w be p(a). Give m(w).
6
Let r(n) be the third derivative of -n**5/30 - 5*n**4/24 + n**3/6 - 5*n**2 + 2*n. Determine r(-4).
-11
Let i(z) be the first derivative of -z**3/3 + 3*z**2 + 6. Let t be (-4)/10 - (-34)/10. Suppose -5*h + 4*j + 4 = -18, -t*h + 3*j = -12. Give i(h).
0
Let m(y) = y**3 - 3*y**2 + 2*y - 2. Let f(v) = -v**2 - 23*v + 110. Let l be f(-27). What is m(l)?
-2
Let i(r) = r. Let f be i(3). Let h(l) = -7 - 3*l + 4*l - 3*l + f*l. Let x be (-18)/(-4) - 2/(-4). Give h(x).
-2
Let a(y) = 7*y**3 + 2*y**2 - 7*y - 13. Let c(b) = 4*b**3 + b**2 - 4*b - 7. Let z(n) = 3*a(n) - 5*c(n). Determine z(0).
-4
Let v be (6/(-6))/(-5 - -9 - 5). Let t(z) = -z + 4. What is t(v)?
3
Let r(n) = n**2 + n - 1. Let b(g) = -2*g**3 - 8*g**2 + 4*g - 1. Let f(c) = -b(c) + r(c). Give f(-5).
-10
Let o(h) = -h**2 + 5*h - 4. Let p be o(4). Let y(q) = q - 1. Let w(s) = 57*s + 4 - 36*s - 28*s + s**2. Let v(u) = w(u) + 6*y(u). Calculate v(p).
-2
Let y(r) = -r - 2. Let l be y(-6). Let p be 1/(9/2 - l). Let o(g) = 3*g**2 - p*g**3 - 4 - 4*g - 6 + 3*g**3 + 12. Calculate o(-4).
2
Let s(i) = i - 18. Let p(n) = 3*n - 58. Let v(c) = -6*p(c) + 21*s(c). What is v(13)?
9
Suppose -4*k + 20 = -3*a, 10*a + 14 = -3*k + 5*a. Let o(l) = 1 - 5*l - 6*l + 7*l**k + 15*l - 5*l. Determine o(1).
7
Let l(g) = g**3 - 7*g**2 - 4*g + 9. Suppose -t + 4*x = -3, 9*t - 7*t = -x + 15. Calculate l(t).
-19
Let b(a) = 2*a - 5. Let h(t) = -2*t**3 + 7*t**2 + 4*t - 5. Let r be h(4). What is b(r)?
-15
Let r(x) = -2*x**3 - 11*x**2 - 19*x - 1. Let t(g) = 3*g**3 + 16*g**2 + 29*g + 2. Let d(f) = -8*r(f) - 5*t(f). Give d(-6).
28
Let a(f) = 3*f**3 - 8*f**2 + 3*f. Let x(l) = 4*l**3 - 10*l**2 + 3*l + 1. Let u(c) = -3*a(c) + 2*x(c). Calculate u(3).
2
Let b(k) be the first derivative of k**2/2 + 5*k - 85. Determi